{"id":18,"date":"2017-02-09T21:54:54","date_gmt":"2017-02-09T20:54:54","guid":{"rendered":"http:\/\/tengu.fr\/fismes\/wordpress\/?page_id=2"},"modified":"2025-02-27T12:08:12","modified_gmt":"2025-02-27T11:08:12","slug":"renseignements","status":"publish","type":"page","link":"http:\/\/tengu.fr\/revin\/wordpress\/","title":{"rendered":"Renseignements"},"content":{"rendered":"\n<p class=\"has-text-align-left\"><strong>Le Dojo :<\/strong><\/p>\n\n\n\n<p>POLE SPORTIF <strong>DOJO<\/strong> de <strong>KARATE-BUDO<\/strong> 223 RUE JEAN MOULIN 08500 \u00e0 REVIN<\/p>\n\n\n\n<p><\/p>\n\n\n\n<p class=\"has-text-align-left\"><strong>Directeur Technique :<\/strong><\/p>\n\n\n\n<p class=\"has-text-align-left\">Jacques Faieff &#8211; 8\u00e8me Dan<br>Expert de Tengu-Ryu Karat\u00e9 Do<br>entour\u00e9 d&rsquo;une solide \u00e9quipe de Ceintures Noires<\/p>\n\n\n\n<p class=\"has-text-align-left\"><strong>Cours de Tengu-ryu Karat\u00e9-Do pour la saison 2024\/2025<\/strong><\/p>\n\n\n\n<div class=\"wp-block-group\"><div class=\"wp-block-group__inner-container is-layout-constrained wp-block-group-is-layout-constrained\">\n<figure class=\"wp-block-table\"><table class=\"has-fixed-layout\"><tbody><tr><td>Mercredi&nbsp;<\/td><td>enfants + 7 ans<\/td><td>de 17h45 \u00e0 19h15<\/td><\/tr><tr><td><\/td><td>adultes<\/td><td>de 17h45 \u00e0 19h45<\/td><\/tr><tr><td>Vendredi<\/td><td>adultes<\/td><td>de 18h00 \u00e0 20h00<\/td><\/tr><\/tbody><\/table><\/figure>\n<\/div><\/div>\n\n\n\n<p class=\"has-text-align-left\"><strong>Initiation gratuite possible.&nbsp;&nbsp;<\/strong><\/p>\n\n\n\n<p>Renseignements au 03 24 40 24 08&nbsp;<\/p>\n\n\n\n<hr class=\"wp-block-separator has-alpha-channel-opacity\"\/>\n\n\n\n<p>Sur Internet :<\/p>\n\n\n\n<ul class=\"wp-block-social-links has-normal-icon-size is-layout-flex wp-block-social-links-is-layout-flex\"><li class=\"wp-social-link wp-social-link-facebook  wp-block-social-link\"><a href=\"https:\/\/www.facebook.com\/profile.php?id=100084848133409\" class=\"wp-block-social-link-anchor\"><svg width=\"24\" height=\"24\" viewBox=\"0 0 24 24\" version=\"1.1\" xmlns=\"http:\/\/www.w3.org\/2000\/svg\" aria-hidden=\"true\" focusable=\"false\"><path d=\"M12 2C6.5 2 2 6.5 2 12c0 5 3.7 9.1 8.4 9.9v-7H7.9V12h2.5V9.8c0-2.5 1.5-3.9 3.8-3.9 1.1 0 2.2.2 2.2.2v2.5h-1.3c-1.2 0-1.6.8-1.6 1.6V12h2.8l-.4 2.9h-2.3v7C18.3 21.1 22 17 22 12c0-5.5-4.5-10-10-10z\"><\/path><\/svg><span class=\"wp-block-social-link-label screen-reader-text\">Facebook<\/span><\/a><\/li><\/ul>\n\n\n\n<p>Dojo de Revin :  <a href=\"http:\/\/revin.tengu.fr\/\">http:\/\/revin.tengu.fr\/<\/a>&nbsp;  <\/p>\n\n\n\n<p>Centre de Recherche Budo, Intitut Tengu :  <a rel=\"noreferrer noopener\" href=\"http:\/\/tengu.fr\/\" target=\"_blank\">http:\/\/tengu.fr\/<\/a><\/p>\n\n\n\n<hr class=\"wp-block-separator has-alpha-channel-opacity\"\/>\n","protected":false},"excerpt":{"rendered":"<p>Le Dojo : POLE SPORTIF DOJO de KARATE-BUDO 223 RUE JEAN MOULIN 08500 \u00e0 REVIN Directeur Technique : Jacques Faieff &#8211; 8\u00e8me DanExpert de Tengu-Ryu Karat\u00e9 Doentour\u00e9 d&rsquo;une solide \u00e9quipe de Ceintures Noires Cours de Tengu-ryu Karat\u00e9-Do pour la saison &hellip; <a href=\"http:\/\/tengu.fr\/revin\/wordpress\/\">Continuer la lecture <span class=\"meta-nav\">&rarr;<\/span><\/a><\/p>\n","protected":false},"author":1,"featured_media":0,"parent":0,"menu_order":0,"comment_status":"closed","ping_status":"open","template":"","meta":{"footnotes":""},"class_list":["post-18","page","type-page","status-publish","hentry"],"_links":{"self":[{"href":"http:\/\/tengu.fr\/revin\/wordpress\/wp-json\/wp\/v2\/pages\/18","targetHints":{"allow":["GET"]}}],"collection":[{"href":"http:\/\/tengu.fr\/revin\/wordpress\/wp-json\/wp\/v2\/pages"}],"about":[{"href":"http:\/\/tengu.fr\/revin\/wordpress\/wp-json\/wp\/v2\/types\/page"}],"author":[{"embeddable":true,"href":"http:\/\/tengu.fr\/revin\/wordpress\/wp-json\/wp\/v2\/users\/1"}],"replies":[{"embeddable":true,"href":"http:\/\/tengu.fr\/revin\/wordpress\/wp-json\/wp\/v2\/comments?post=18"}],"version-history":[{"count":10,"href":"http:\/\/tengu.fr\/revin\/wordpress\/wp-json\/wp\/v2\/pages\/18\/revisions"}],"predecessor-version":[{"id":527,"href":"http:\/\/tengu.fr\/revin\/wordpress\/wp-json\/wp\/v2\/pages\/18\/revisions\/527"}],"wp:attachment":[{"href":"http:\/\/tengu.fr\/revin\/wordpress\/wp-json\/wp\/v2\/media?parent=18"}],"curies":[{"name":"wp","href":"https:\/\/api.w.org\/{rel}","templated":true}]}}